 - -16. Determine y(m).
0
Let t(p) = -5*p**3 - 4*p**2 + 7*p - 1. Suppose 4*d - 3 = 17. Let u(h) = -h**2 - h**2 + 4*h + d*h**3 - 8*h**3. Let l(z) = -4*t(z) + 7*u(z). Give l(3).
-5
Let h(k) = 0*k**2 - 6*k + k**2 + k - 8 - 3*k. Determine h(8).
-8
Let v(m) = -m + 1. Let d(a) = -3*a + 7. Let c(n) = d(n) - 2*v(n). Give c(-8).
13
Let l(z) be the first derivative of 3*z**2 - 2. Calculate l(-1).
-6
Let j(u) = 2*u**2 - 18*u**3 + 3 + 2*u + 11*u**3 + 6*u**3 - u. What is j(3)?
-3
Let j(y) = -y**2 - y - 6. Let d(p) = -p - 1. Let c be 2*3/(-6)*1. Let x be d(c). Calculate j(x).
-6
Let g(x) = 1 - 3*x - 5 + x**3 - 4*x - 5*x**2. Determine g(6).
-10
Let g = -3 + 4. Let r(y) = 0*y + y + g - 2*y - y. Determine r(-1).
3
Suppose 3*y - y - 2 = 0. Let i = -5 + y. Let t(g) = -2*g - 2*g**2 - 4*g - 1 + g**2. Determine t(i).
7
Let l(p) = 5*p**3 + 7*p**2 + 0*p - 3*p**2 - 5 + 0*p. Let s(v) = -v**3 + v**2 - 1. Let d(o) = l(o) - 6*s(o). Calculate d(1).
10
Suppose 3*r + 9 = 0, -d + 3*r + 9 = -0. Suppose d = 2*i - 6*i - 24. Let j(k) = k**2 + 5*k + 1. Give j(i).
7
Let b be 6/(-18) - (-74)/6. Let u = b + -13. Let k(p) = -9*p**2 - p - 1. Determine k(u).
-9
Let d(x) = x**2 - x. Let y be d(2). Let p(s) = 3*s. Calculate p(y).
6
Let x(z) be the second derivative of -z**3/6 - 3*z**2 + 10*z. Suppose 5*d + 2 - 4 = 2*g, 0 = 2*g + 2*d - 26. Let l = g - 15. Give x(l).
0
Let u(v) = -v**2 + v + 2. Suppose -g + 4*g + 6 = 0. Give u(g).
-4
Let p(s) = 0 + 16*s - 4*s + 3 - 8*s. What is p(-2)?
-5
Let r(d) = -d**2 - 6*d + 1. Let p(t) be the third derivative of 0 + 0*t + 5/24*t**4 - 2*t**2 + 0*t**3. Let m be p(-1). Give r(m).
6
Suppose -15 = -2*g - g. Let f(n) = -n**3 - 2*n - 1. Let s be f(-1). Let m be s/g - (-69)/15. Let l(z) = z**2 - 7*z + 5. Determine l(m).
-5
Let j(v) = 2 - 3*v - 1 - 6*v - 2. Suppose -q = n - 1, -2*n - 3*q = -7*n - 11. What is j(n)?
8
Suppose b + l + l = 0, 0 = 5*l - 5. Let c(r) = 2*r**2 + r - 2. Calculate c(b).
4
Let j(x) = 2 - 2 - 5 - 1 + 3*x. What is j(4)?
6
Let d = 10 - 14. Let h(k) be the second derivative of k**3/6 + 3*k**2 - 4*k. Calculate h(d).
2
Let q(u) = -11*u**2 + 11. Let j(n) = -12*n**2 + 13. Let o(s) = 6*j(s) - 7*q(s). Let y be (-10)/(-14) - 2/(-7). Determine o(y).
6
Suppose q - 9 = -2*d, -3*d + 5*q = 7 - 1. Suppose 0 = -3*w + d*c + 2*c - 37, -5*c + 13 = 3*w. Let a(i) = -i**3 - 5*i**2 - 2*i + 1. Calculate a(w).
-7
Let s be 7/(-14)*2*1. Let y(p) = 7*p**2 + p. Let m be y(s). Let k(a) = -a**3 + 7*a**2 - 3*a - 8. What is k(m)?
10
Let a(j) = 11*j + 2. Let f(g) = 6*g + 1. Let s(u) = 3*a(u) - 5*f(u). Calculate s(-3).
-8
Let q = 27 - 24. Let y be (-1)/q + (-112)/24. Let f(j) = j**3 + 6*j**2 + 2*j - 6. Give f(y).
9
Let w(c) = -5*c**3 - 2*c**2 + 3*c. Let h(k) = -k**3 - k**2 + k + 1. Let y(j) = -2*h(j) + w(j). Give y(-2).
20
Let u(y) = 4*y**2 + 2*y + 2. Let t(o) = -o**2 - o - 1. Let w(s) = 3*t(s) + u(s). Give w(0).
-1
Let p(o) be the first derivative of o**2/2 + 9*o - 9. Suppose -a - 6 = -0*a. Let g be a/9 + 2/3. Give p(g).
9
Let o = 4 - 3. Let q(t) be the second derivative of -t**4/6 + t**3/6 - 9*t. Give q(o).
-1
Suppose -2*c = -12 - 16. Let m = 9 - c. Let o(g) = 2*g**2 + 2 + 0*g**3 - g + 3*g**2 + g**3. What is o(m)?
7
Let u(g) = 0*g - g + 0*g - 2*g. What is u(-3)?
9
Let w(y) be the third derivative of y**5/30 - y**4/24 + y**2. Suppose 3*t + j = 9, 4 = 2*j - 2. Determine w(t).
6
Let q = -40 + 44. Let n be 5 + 0/(-1 + 2). Let c(b) = -b**3 + 5 + 0*b**2 - n*b - 3*b**2 + 2*b**3. What is c(q)?
1
Let m(r) be the second derivative of -r**5/4 - r**4/12 - 2*r. Let w be 3/(-9)*-9 - 2. What is m(w)?
-6
Suppose j - 2 = -s, -2*s - 2 = s + j. Let q(o) = 11*o + 2. Let d(x) = 32*x + 6. Let r(l) = -5*d(l) + 14*q(l). What is r(s)?
10
Let b(r) = -16 - 2*r + 5 + 2. Give b(-6).
3
Let c be -4 + ((-16)/(-4))/(-2). Let f(p) = p**3 + 7*p**2 + 7*p - 2. Determine f(c).
-8
Let f(z) = -5*z + 1 - 7 + 3*z. Suppose 3*h + 8 = h. Give f(h).
2
Let w(q) = -2*q**2 + 8*q + 7. Let f(c) = 3*c**2 - 12*c - 11. Let u(m) = 5*f(m) + 7*w(m). Let t = -254 + 260. What is u(t)?
6
Let p be 17/2 + 6/12. Let i(w) = -w**3 + 10*w**2 - 10*w + 4. Let h be i(p). Let x(z) = z**2 + 2*z - 3. Give x(h).
12
Let b(f) = -6*f + 4. Suppose 0 = -5*d, -3*g + 3*d = -0 - 9. Calculate b(g).
-14
Suppose -3*f + 10 = -2. Let h be -1*f*3/(-6). Let o(k) be the first derivative of -k**4/4 + 2*k**3/3 - 2*k**2 + 3*k - 4. Calculate o(h).
-5
Let i be -2 - -1 - 5/(10/4). Let t(p) = -p**2 - 2. Give t(i).
-11
Suppose -3*p - 12 = -7*p. Let u(q) be the second derivative of -q - 1/12*q**4 + 7/6*q**3 - p*q**2 + 0. What is u(4)?
6
Suppose 4*d - 8 = -0*d. Let s(c) be the first derivative of c**3/3 - c**2/2 - c - 4. Calculate s(d).
1
Let c = 21 - 13. Suppose 0 = 2*l + 4*y + c, -3*y = 4*l - 3 - 1. Suppose l*w + 1 - 13 = 0. Let g(x) = x - 5. Determine g(w).
-2
Suppose 3*l = -4*t + 25, 4*l - 12 = -0*l. Let c(g) be the first derivative of -g + 4 - 2*g**2 + 1/4*g**t - 1/3*g**3. Determine c(3).
5
Let h(o) = 4*o**3 + 2*o**2 - 1. Let y be h(1). Let x(j) = j**3 - 6*j**2 + 7*j - 3. What is x(y)?
7
Let t(h) = 20 - 7*h + 2*h**2 + 0*h - 16. Calculate t(4).
8
Let a(h) = -h**3 + 5*h**2 - h + 5. Let b be 0 - -6*6/9. Suppose 0 = -b*q + c + 21, -3*q + 17 = 3*c - 5*c. Calculate a(q).
0
Let k(p) = -4*p**2 - 4*p + 1. Let f(m) = 7*m**2 + 7*m - 3. Suppose -5*h - 3*v = 6 + 10, 0 = 2*h - 4*v + 22. Let d(c) = h*k(c) - 3*f(c). Give d(0).
4
Let j(a) be the third derivative of -1/8*a**4 + 0*a + 1/3*a**3 - 1/30*a**5 + 2*a**2 + 0 + 1/120*a**6. Determine j(3).
2
Let n(l) = 7*l + 4 - 3*l - 5. What is n(4)?
15
Let s(t) be the first derivative of -t**4/4 + t**3/3 - t**2/2 + 8*t - 39. Give s(0).
8
Let b be 48/26 - (-4)/26. Suppose -5 = 4*i - 13. Let f(c) = -2*c - c**3 + 1 + 13*c**i - 11*c**2 + 0*c + 1. What is f(b)?
-2
Let l(g) = g**3 + g**2 - 9. Let n(t) be the third derivative of t**5/60 + 3*t**4/8 + 3*t**2. Let z be n(-9). Give l(z).
-9
Suppose g + m = 5*g - 1, g + 2 = m. Let q(y) be the second derivative of 0 - 7*y - 5/12*y**4 + 1/3*y**3 - 1/2*y**2. Calculate q(g).
-4
Let u be (1/1)/(8/16). Let n(h) = -3*h**2 + u - 8*h - 4 + 2*h**2 + 3*h. Give n(-3).
4
Let o(l) = -2 + 5*l + 3 - 5*l + 5*l. What is o(1)?
6
Let c(q) = -9*q + 51*q**2 - 24*q**2 - 26*q**2 + 1. Give c(8).
-7
Let h(p) = p + 1. Let n be h(3). Let t(o) = 2*o**2 + 1 - 5 - 5*o + 2. Determine t(n).
10
Suppose -u = -4*u + 9. Let c(w) = w**2 - 4*w + 4. Let h be c(u). Let g(p) = -p**2 + 2*p - 1. Let k(q) = q**2 - 4*q + 2. Let f(b) = -9*g(b) - 4*k(b). Give f(h).
4
Let z(d) = d**3 + d. Let l = -9 - -8. What is z(l)?
-2
Let s(a) be the first derivative of -a**5/60 - a**4/8 + a**3/6 - a**2 + 1. Let k(n) be the second derivative of s(n). Let l be 4/(3 + -2 - 2). Calculate k(l).
-3
Let f(n) = 4*n**3 - n**2 - n + 1. Let z = -7 + 8. Let k be f(z). Let g(a) = 6*a**3 - 8*a - 3 - 6*a**2 - 7*a**k - 1. Determine g(-5).
11
Let g(q) = -7*q**3 + 2*q**2 - 2*q + 1. Let s(a) = 3*a**2 + a - 1. Let k be s(1). Suppose r = 5*i + 26, 2*r - i + 2*i + k = 0. Give g(r).
-6
Suppose 0*o - 5*o - 12 = a, -4*o - 3*a - 3 = 0. Let d(t) = 7*t**2 + t**3 - 4*t - 4*t**2 + 0*t - 2. Give d(o).
10
Let f(j) = 3*j**3 - j**2 - 2*j + 2. Let t be f(1). Let w(b) = 5 - t*b - 4*b + b + 6*b. Calculate w(4).
9
Let g(p) = p**2 - 2*p. Let w = -11 + 13. Let b be 150/39 + w/13. Determine g(b).
8
Let i(n) = 6*n**2 - 1. Let l(t) = -4*t + 11 + 3*t + 2*t. Let f be l(-10). What is i(f)?
5
Suppose -4*n + 14 = 10. Let h(i) = 4*i**3 - 2*i**2 + 2*i - 1. What is h(n)?
3
Let b = 25 - 23. Let o(d) be the first derivative of 1/2*d**b + 1 - 4*d - 1/3*d**3. Calculate o(0).
-4
Let b(l) = l**3 + 2*l**2 - 5*l - 2. Let i be b(-3). Let x be ((-5)/i)/(2/(-8)). Let y(p) = -p**3 + 4*p**2 + 4*p + 1. What is y(x)?
-4
Let h = -26 + 26. Let p(o) = o**3 + o**2 - o + 4. Give p(h).
4
Let u(n) = -n**2 - 5*n - 5. Suppose -4*k = -5*l - 1, -3*l + 9 = k - 6*l. Give u(k).
-11
Let g(o) = -2*o + 8. Let s be g(6). Let c(d) be the third derivative of d**5/60 + 5*d**4/24 + d**3 + d**2. Give c(s).
2
Let r(t) = 3*t + 4. Suppose o + k = 5*k + 24, 2*k + 22 = 3*o. Give r(o).
16
Let a(u) = -u**3 + 3*u**2 - u + 1. Let d be 2/5 + 65/25. Give a(d).
-2
Let w(v) = v**2 - v - 1. Let x be w(-1). Suppose -5*n + 16 - x = 0. Let k(c) be the first derivative of -c**4/4 + 2*c**3/3 + 5*c**2/2 - 4*c - 1. Determine k(n).
2
Let s(p) = -12*p + 2 + 2*p**3 + 